 7*s(y). Let o(c) = 2*c**2 + 58*c - 55. Let d be o(-30). Calculate m(d).
-7
Let b(x) be the third derivative of -x**6/360 - x**5/30 - x**4/24 - x**3/6 - 3*x**2. Let t(c) be the first derivative of b(c). Determine t(-2).
3
Let a(w) = -w**3 + 15*w**2 + 16*w. Let k be a(16). Let q(d) = d - 3. Calculate q(k).
-3
Let v be 24/(-9)*(-6)/4. Let a(m) = v*m**3 - m - 5*m**3 - m**2 + 2*m**2. Calculate a(1).
-1
Let s(q) be the second derivative of 2*q**4/3 - q**3/6 - q**2/2 + q. Let z be ((-8)/36)/((-3)/27). Suppose c + 3 = -4*v, 0*v - 3*v - 5*c = -z. Determine s(v).
8
Let w(d) = 4*d**2 + d + 1. Let x = 8 + -5. Suppose x*o = -3*i + 3, 4*o - 10 = 2*i - 0*o. Calculate w(i).
4
Let l(h) = -h**3 - 2*h**2 - 4*h - 3. Let z(n) = -n**3 + 8. Let v be z(0). Suppose v = -0*f - 4*f. What is l(f)?
5
Let r(h) = -19*h**2 - 4*h - 3. Let v(c) = 10*c**2 + 2*c + 2. Let w(z) = -3*r(z) - 5*v(z). Determine w(1).
8
Let z(o) = 2*o**2 + 6*o - 1. Let x(w) = -w**3 - 2*w**2 + 5*w + 7. Let y be x(-2). Determine z(y).
-1
Let q(d) = d**3 - 2*d**2 - d. Let z be q(3). Let f = z - 11. Let a(i) = -i - 7. Determine a(f).
-2
Let c(q) = -9*q + 4*q + 2*q + 4*q - 1. Determine c(4).
3
Let q(u) = u**3 + 5*u**2 - 3*u - 5. Suppose 3*t = -4 - 11. Determine q(t).
10
Suppose -3*u + 5 = b, 8 = 2*b - 4*b. Let n(m) = m**2 + 0*m**2 + 4 - 5*m**2 + 2*m**2 + 3*m. What is n(u)?
-5
Let t(c) = -c**2 - 2*c. Let s(b) = -2*b**2 - 11*b + 1. Let r(d) = -s(d) + 6*t(d). Let a be (1/(-3))/(1/3). Calculate r(a).
-4
Suppose -7 = f - 55. Let c(h) = -f + 16*h - h + 48. Determine c(1).
15
Let v(y) = -y**3 - 4*y**2 - 2*y + 1. Suppose -t - 3*t + 16 = 0. Suppose 0 = -t*z + 7*z + 6. Calculate v(z).
-3
Let j(q) = q**2 - 1. Let n be j(1). Let y be (n/(2/(-2)))/2. Let b(l) be the first derivative of -l**4/4 - l**3/3 - l**2/2 - 2*l - 1. What is b(y)?
-2
Let i(o) be the third derivative of -o**7/5040 - o**6/720 - o**5/15 + 4*o**2. Let w(l) be the third derivative of i(l). Let m = 10 - 6. What is w(m)?
-5
Let x(g) be the third derivative of g**5/60 - 5*g**4/24 + 17*g**2 + 2. What is x(4)?
-4
Let w(m) be the first derivative of -2*m + 1/4*m**4 + 6 + 4/3*m**3 - 3*m**2. What is w(-5)?
3
Suppose 2*s = -2 - 4. Let z(k) = -5*k - 2. Determine z(s).
13
Let p(a) = -6*a**3 + 3*a**2 - 8*a - 2. Let w(t) = 5*t**3 - 2*t**2 + 7*t + 2. Let l(o) = -4*p(o) - 5*w(o). Suppose 4*n = x - 13, -2*n + 4*x - 26 = n. Give l(n).
4
Suppose 3*u + 9 = -24. Let x = -8 - u. Let o(b) = -b**2 + 3. Determine o(x).
-6
Let q(t) = -7*t**2 + 6*t + 6. Let u(j) = j**2 - 1. Let s(c) = -q(c) - 6*u(c). Suppose 0 = -p - 3*p + 20. Give s(p).
-5
Let g(f) be the second derivative of 0 - 1/6*f**3 - f**2 + 1/12*f**4 + 8*f + 1/20*f**5. Calculate g(2).
8
Let f(p) = 2*p + 6 - 2 + 3*p - p**2. Suppose -4*y + j = -2 - 18, -2*j = 0. Give f(y).
4
Let c(t) = -t**3 + 3*t**2 - 2*t + 2. Let g(m) = -m**3 + m**2 + 4. Let o be g(0). Suppose -3*w + 4*y = 2*w + 10, -o*w - 3*y + 23 = 0. Give c(w).
2
Let v(u) = -u**3 + 6*u**2 + 2*u - 9. Let m = 5 - 2. Let c be (-57)/(-9) + m/(-9). What is v(c)?
3
Let f = 1 - 5. Let y(g) = g**3 + 5*g**2 + g - 5. What is y(f)?
7
Let y(u) = 9*u**2 + 3*u + 4. Let g(c) = -9*c**2 - 4*c - 5. Let v(o) = -4*g(o) - 5*y(o). Calculate v(-1).
-10
Let m(q) = -9*q**2 - q + 1. Let w = 17 + -16. Determine m(w).
-9
Let z(y) = -y + 5. Let d = -5 - -9. Calculate z(d).
1
Let m(y) = -y**2 + 2*y + 3. Let j be m(-2). Let n = 2 + j. Let k(f) = -f**3 - 2*f**2 - 3. Determine k(n).
6
Let n(t) = -5 + t**2 - t**2 - t**2 - t**3 + t - 2. Determine n(0).
-7
Let o(q) be the second derivative of q**4/12 + 7*q**3/6 + 9*q**2/2 - 11*q. Give o(-6).
3
Let g(j) = 5*j + 77. Let r(n) = n + 15. Let b(z) = -2*g(z) + 11*r(z). Calculate b(-7).
4
Suppose -4*q = -2*q - 12. Suppose -g + q*g = 25. Let l(s) = -s**3 + 5*s**2 - s. Calculate l(g).
-5
Let v(s) = -s**3 - 2*s**2 + 5*s + 4. Suppose -58*y - 3 = -57*y. What is v(y)?
-2
Let a(t) be the first derivative of -2*t**3 + 2. Give a(-1).
-6
Let t(z) be the second derivative of z**3/6 + 3*z**2/2 - 20*z. Calculate t(5).
8
Let h = -16 - -22. Let o(a) = a**3 - 5*a**2 - 5*a - 7. Calculate o(h).
-1
Suppose 4*j - 35 = 2*n + n, -n - 30 = -5*j. Let q = 8 + -2. Let x(s) = -7*s**2 + s - 10. Let d(g) = -g**2 + g - 1. Let t(k) = q*d(k) - x(k). Determine t(n).
4
Suppose 0*l = 2*l + 5*j + 5, 0 = -4*l - 5*j - 5. Let h(v) = 2*v**2 + l - v**2 - v - 2. Determine h(3).
4
Let z(a) = a**3 + 2*a**2 - 3*a + 3. Let p be z(-3). Let t(y) = 3*y - 6*y - p + 5 + 1. Let q(c) = -c. Let s be q(-2). Give t(s).
-3
Let x = -133 + 141. Let u(c) = c + 5. Give u(x).
13
Let j(r) = -3*r**2 + 5*r + 6. Let z(t) = -2*t**2 + 6*t + 7. Let d(v) = -3*j(v) + 4*z(v). Give d(-7).
-4
Suppose -2*u = 5*u + 28. Let q(y) = -y + 1. Give q(u).
5
Let f(y) be the third derivative of y**6/120 - y**5/20 - 5*y**4/24 - y**3/2 + y**2. What is f(4)?
-7
Let n(q) = -17*q**3 + 1561*q - 1561*q + q**2. Determine n(-1).
18
Let g(l) = 5*l**2 - 3*l + 4. Let f(d) = -4*d**2 + 2*d - 4. Let x(u) = -6*f(u) - 5*g(u). Suppose -3*b - 1 + 13 = 0. What is x(b)?
0
Let r(d) = 14*d**2 - 2*d + 1. Let l be ((-4)/6)/((-14)/21). Calculate r(l).
13
Let l = -1/6 + 3/2. Let h(q) be the first derivative of 3 - q**2 + 1/4*q**4 - l*q**3 + 5*q. Determine h(4).
-3
Let p be (1 - 0)/((-2)/10). Let u(a) be the first derivative of a**3/3 + 5*a**2/2 + 4. What is u(p)?
0
Let m(j) be the third derivative of -7*j**2 + 1/10*j**5 + 1/120*j**6 + 0*j + 0 + 1/8*j**4 + 1/3*j**3. Give m(-5).
12
Let q be 9*((-1)/(-3) + 0). Suppose 2*d + 1 = -3*b, b - q*d + 0*d = 18. Suppose 4 = v + 2*x - x, v + 2*x = b. Let h(g) = -2*g + 6. Calculate h(v).
-4
Let k(n) be the third derivative of 0*n + 0 + 2*n**2 - 1/2*n**3 - 5/24*n**4. Calculate k(-2).
7
Let q(j) = -j**2 + 1 + 7*j - j + 0*j. Determine q(5).
6
Let d(t) be the second derivative of 2*t + 3/2*t**2 + 1/24*t**4 + 0 + 1/15*t**5 + 1/3*t**3 + 1/120*t**6. Let m(b) be the first derivative of d(b). Give m(-4).
-2
Let y(r) be the third derivative of r**4/24 - r**3/3 + 7*r**2 + r. Suppose 0 = -3*s + 4 + 2. What is y(s)?
0
Let i = 1 - -5. Let t(z) = -4 - z + z**3 + 1 - i*z**2 + 1. What is t(6)?
-8
Let l(j) = 0*j + j + 2 - 4 - 4*j - 2*j**3 - 4*j**2. Calculate l(-2).
4
Let v(k) = 9*k**2 - 15*k - 3. Let n(f) = 5*f**2 - 8*f - 2. Let m(i) = 7*n(i) - 4*v(i). Let d be (-3)/(-3 - 6/(-3)). Suppose w = d*w - 8. What is m(w)?
-2
Suppose -2*c = -2*z - z - 10, 3*c = -4*z - 2. Let g be 160/28 - c/(-7). Let t(d) = -d**3 + 6*d**2 + d + 4. What is t(g)?
10
Suppose -47*g = -48*g. Let y(h) = h**3 + h - 4. Calculate y(g).
-4
Let l(p) = -2*p + 5*p - 7 - p**2 + 2*p. Let f = 16 + -11. Give l(f).
-7
Suppose -2*i - 3*i = 5. Let b(s) = -5*s**3 - 7*s**2 + 10*s + 6. Let g(l) = -l**3 - l**2 + l + 1. Let h(t) = i*b(t) + 4*g(t). Calculate h(-4).
6
Let u(r) be the second derivative of 0 - 3*r**2 + 1/12*r**4 - r + 0*r**3. Suppose -2*l = 3*l. Determine u(l).
-6
Let a(y) be the first derivative of y**3/6 + y**2/2 - y - 4. Let b(u) be the first derivative of a(u). Suppose -14 = -4*t + 2. Calculate b(t).
5
Let f = 31 - 39. Let p(m) = -m**3 - 7*m**2 + 9*m + 8. Give p(f).
0
Suppose -7*h + 2*i = -2*h + 72, -2*i + 24 = -2*h. Let d be (-9)/12 - 108/h. Let b(t) = -t**3 + 5*t**2 + 9*t - 9. Determine b(d).
9
Let i(p) = -5*p + 10. Let w(n) = -9*n + 19. Let m(t) = -7*i(t) + 4*w(t). Let j = 12 + -3. Let g = j + -4. Give m(g).
1
Let i(u) = -u**2 + 2*u + 5. Let x(b) be the second derivative of -b**3/3 - 6*b**2 + 2*b. Let s be x(-8). Determine i(s).
-3
Let v(l) = -13*l + 6*l - 7 + 6*l + 4*l. Give v(6).
11
Let g(s) = -s + 5. Let t(a) = a - 4. Let u(w) = 4*g(w) + 5*t(w). Let p be ((-11)/33)/((-1)/12) + -10. Determine u(p).
-6
Let i = -1 + 4. Suppose -6*u = -i*u + 12. Let m(r) be the second derivative of r**5/20 + 5*r**4/12 + 2*r**3/3 - 3*r**2/2 - 2*r. Calculate m(u).
-3
Let d(m) = -m - 2. Let u be d(-4). Let c(y) = 13 - 4*y**u - 12 + 3*y**2. Calculate c(-3).
-8
Let f(t) be the second derivative of -t**5/20 + t**4/12 - t**3/6 + t**2/2 - t. Suppose -5*y = y - 12. Give f(y).
-5
Let y(q) = 0 + 0*q**3 + 3*q**2 + q**3 - 3*q - 4 + 0*q. Let k be -6 - (-2)/(2/3). Give y(k).
5
Let u(d) be the first derivative of 2*d + 6 + 1/2*d**2. Calculate u(-4).
-2
Let l(y) = -22*y**2 + 53*y**2 - 30*y**2 - 7 + 7*y. What is l(-8)?
1
Let h(j) = j**2 - 3*j + 5. Let u be h(2). Let t(q) = 3*q - 2. Determine t(u).
7
Suppose 0 =